
False
Is 3710766779 a composite number?
False
Is 46157538697 composite?
False
Is 8376205181 composite?
False
Is 6265036637 prime?
True
Is 64500872587 a prime number?
False
Is 17757820829 prime?
False
Is 3297664519 composite?
False
Is 178595903 a composite number?
False
Is 350983517 a composite number?
True
Is 202295321 composite?
False
Is 50611653382 prime?
False
Is 764679563 composite?
False
Is 117220990739 prime?
False
Is 3532306409 prime?
False
Is 70255277021 a composite number?
True
Is 34572607 prime?
True
Is 4010062579 prime?
True
Is 76003702766 composite?
True
Is 65867709673 a prime number?
False
Is 21346503359 composite?
True
Is 5811302699 a prime number?
True
Is 1226340131 a prime number?
True
Is 12653558191 prime?
True
Is 6414252421 prime?
False
Is 19583525803 prime?
True
Is 6560912899 prime?
True
Is 36097379405 composite?
True
Is 6049620327 prime?
False
Is 731634053 prime?
False
Is 571052351 prime?
False
Is 11104515337 composite?
True
Is 15172069213 a prime number?
False
Is 5470877095 a composite number?
True
Is 968402839 composite?
True
Is 113771579 prime?
True
Is 88831979861 composite?
True
Is 2353685227 a prime number?
True
Is 1137426707 a prime number?
True
Is 2536733029 prime?
False
Is 127904307715 a prime number?
False
Is 5096675081 a prime number?
False
Is 229139767 a prime number?
True
Is 341619037 a composite number?
False
Is 293995937 a composite number?
False
Is 4090931413 a composite number?
False
Is 318731167 composite?
False
Is 35691003289 a composite number?
False
Is 35974594261 a prime number?
True
Is 1577198789 prime?
True
Is 3938343037 a prime number?
True
Is 335173235107 prime?
True
Is 340088929 a composite number?
True
Is 53023021 a prime number?
False
Is 95806289 prime?
True
Is 67574622877 a prime number?
True
Is 13368884369 composite?
True
Is 158284793 a composite number?
True
Is 13629173111 composite?
True
Is 286591463 a composite number?
True
Is 185225977 prime?
True
Is 16716672641 prime?
True
Is 5470203589 composite?
False
Is 11158455311 composite?
False
Is 74760854159 a prime number?
True
Is 3086401655 a prime number?
False
Is 44106686501 prime?
True
Is 207299915593 a composite number?
False
Is 729071251 a composite number?
True
Is 15092414659 a composite number?
True
Is 41932822303 composite?
False
Is 4941969143 a prime number?
True
Is 17932763831 a composite number?
False
Is 4741810309 composite?
False
Is 14591205919 a composite number?
False
Is 2576839049 a composite number?
False
Is 88837517 prime?
False
Is 98052403 a prime number?
True
Is 11231060767 a composite number?
False
Is 1221384067 a composite number?
False
Is 31609385963 prime?
True
Is 92717939057 a prime number?
True
Is 1518084107 composite?
False
Is 8150466673 a composite number?
True
Is 965887339 a composite number?
True
Is 1079906903 composite?
False
Is 334752923 a composite number?
False
Is 314493961 prime?
True
Is 4905220701 prime?
False
Is 4264297 composite?
True
Is 259117717 composite?
False
Is 892068187 a composite number?
True
Is 4661125779 a prime number?
False
Is 1787457713 prime?
False
Is 12538979477 a prime number?
True
Is 357175517 a composite number?
False
Is 138004573859 composite?
False
Is 20305962071 prime?
False
Is 90328588019 a composite number?
False
Is 3992917651 a composite number?
True
Is 1803435443 composite?
True
Is 132971360297 a prime number?
False
Is 78120127 prime?
False
Is 40702922171 composite?
False
Is 33982831 prime?
True
Is 709449487 a prime number?
False
Is 1858389647 a prime number?
True
Is 94092420451 a prime number?
False
Is 14513754707 a composite number?
True
Is 3892641751 a composite number?
True
Is 540898619 a prime number?
False
Is 48025682561 a prime number?
False
Is 1509308063 a composite number?
False
Is 260950831 composite?
True
Is 344249383 composite?
False
Is 2285851237 a prime number?
True
Is 122108407 a composite number?
False
Is 288330634 prime?
False
Is 768493147 composite?
True
Is 940803667 prime?
True
Is 96059653451 a composite number?
False
Is 18253055818 a composite number?
True
Is 3452746553 a prime number?
False
Is 1122153667 a prime number?
True
Is 414963181 composite?
True
Is 815265739 a composite number?
False
Is 16109747149 composite?
True
Is 2812026551 a prime number?
True
Is 801096055 a prime number?
False
Is 13492423631 a composite number?
False
Is 15488090509 a prime number?
False
Is 1945388143 a prime number?
False
Is 969710737 a composite number?
True
Is 1146429451 composite?
False
Is 339651939677 composite?
True
Is 1208012353 a prime number?
True
Is 11990324363 a prime number?
True
Is 80015027647 a prime number?
False
Is 280200187 a prime number?
True
Is 834444287 prime?
True
Is 494641669 a composite number?
False
Is 16637262998 composite?
True
Is 30194144927 composite?
True
Is 37730758139 a prime number?
True
Is 1269011221 prime?
True
Is 7171957763 composite?
False
Is 645628861 composite?
False
Is 1618842499 a prime number?
True
Is 55769973223 a composite number?
True
Is 4802174203 a composite number?
False
Is 1066116619 a prime number?
False
Is 1247547701 a prime number?
True
Is 1590367593 a composite number?
True
Is 50209372009 a prime number?
False
Is 762622211 prime?
False
Is 57115324997 composite?
False
Is 27656440799 composite?
True
Is 3769947431 a prime number?
True
Is 702761383 prime?
False
Is 2182434899 composite?
True
Is 71486382533 a prime number?
True
Is 39905613667 composite?
True
Is 8435006837 a composite number?
False
Is 26086522415 composite?
True
Is 534599683 a composite number?
True
Is 45355457 a composite number?
True
Is 3754795657 composite?
False
Is 2561843369 a composite number?
True
Is 80636549503 composite?
False
Is 479208456349 a prime number?
False
Is 479141059 composite?
False
Is 5652922213 composite?
False
Is 1819189681 a prime number?
True
Is 35396137129 composite?
False
Is 903854191 a composite number?
False
Is 16547994469 composite?
True
Is 16090534039 prime?
False
Is 7142352835 a composite number?
True
Is 85385465827 prime?
False
Is 18455835067 composite?
False
Is 556115951 composite?
True
Is 4248436411 a prime number?
True
Is 116876832001 a prime number?
True
Is 20725058911 composite?
False
Is 2232033263 composite?
True
Is 3243225595 composite?
True
Is 144860419 composite?
True
Is 6689732377 a composite number?
False
Is 1157753647 a composite number?
True
Is 4718120359 a composite number?
False
Is 4202933731 composite?
True
Is 1190373649 prime?
True
Is 2324863511 prime?
True
Is 29679681151 prime?
True
Is 8426229671 prime?
True
Is 1763128951 prime?
True
Is 457459507 a prime number?
False
Is 7227713557 prime?
False
Is 35449529 a prime number?
True
Is 757843511 composite?
False
Is 114591649 a composite number?
True
Is 52038844153 prime?
True
Is 2986006393 a prime number?
False
Is 270518022737 composite?
False
Is 37524293489 prime?
True
Is 53956109 prime?
True
Is 1742252095 a prime number?
False
Is 1827127829 prime?
False
Is 11834298857 a composite number?
True
Is 11004609349 prime?
True
Is 4064160001 prime?
False
Is 4106374309 a composite number?
True
Is 313842317 composite?
False
Is 91263359543 prime?
True
Is 1437626189 a prime number?
True
Is 10552905719 a prime number?
True
Is 19337404759 a prime number?
True
Is 18870597433 composite?
False
Is 90338662481 composite?
False
Is 601204067 a composite number?
False
Is 3709193077 composite?
True
Is 26516786 a composite number?
True
Is 172575323 prime?
True
Is 117467954 composite?
True
Is 139553527 a composite number?
True
Is 2896875287 composite?
False
Is 250781148935 composite?
True
Is 49812270863 composite?
False
Is 250295957 a prime number?
True
Is 124442369 a prime number?
False
Is 95886563 a composite number?
True
Is 3376157917 composite?
True
Is 3284204953 a prime number?
False
Is 1121987 a composite number?
False
Is 5100919597 a prime number?
True
Is 6125733253 composite?
False
Is 3661125493 prime?
True
Is 2156251 a prime number?
True
Is 47460894055 a prime number?
False
Is 2721556961 a prime number?
True
Is 47689553 a prime number?
True
Is 3680331961 a prime number?
True
Is 28833666371 composite?
False
Is 4906045307 a composite number?
False
Is 40997086223 a composite number?
False
Is 9881102851 a prime number?
True
Is 228690431 a composite number?
True
Is 2546403477 prime?
False
Is